se 3) to base 16
99d9b4
46612410 (base 7) to base 8
17520006
110000000111011111111111 (base 2) to base 14
1964b39
715553 (base 11) to base 8
4304604
What is -3a792b (base 16) in base 7?
-44400216
Convert -20030021132 (base 4) to base 2.
-1000001100001001011110
What is 20763 (base 14) in base 12?
39383
What is -118557 (base 10) in base 11?
-8108a
Convert -10000310103 (base 4) to base 7.
-11640555
55044 (base 8) to base 6
254500
-118cc66 (base 13) to base 16
-533cda
21022022112 (base 3) to base 12
6b2ab
-10000100111010011 (base 2) to base 11
-47145
What is 8226 (base 11) in base 4?
2222212
What is 1b1754 (base 12) in base 13?
13a482
-6435231 (base 8) to base 3
-10020022221100
What is 15021101 (base 6) in base 4?
1331333131
What is -33222023 (base 4) in base 10?
-64139
Convert 1110220232 (base 4) to base 11.
217505
What is 345a2 (base 15) in base 9?
273538
Convert -223205 (base 6) to base 16.
-49b5
What is -935635 (base 14) in base 10?
-4970607
What is -41766174 (base 8) in base 11?
-5034701
Convert 54e83 (base 16) to base 13.
c23b3
-25084c (base 13) to base 12
-369247
What is -10230343201 (base 5) in base 2?
-101001001011001001001111
5142 (base 10) to base 2
1010000010110
Convert 2871955 (base 10) to base 16.
2bd293
What is -1413024 (base 6) in base 13?
-2a394
What is 25641 (base 11) in base 6?
441540
13013130023 (base 4) to base 9
3452858
What is -1b5ad (base 15) in base 8?
-255716
What is -22324414 (base 6) in base 13?
-1aa751
4195436 (base 11) to base 3
111220021000112
Convert 409515 (base 10) to base 13.
114522
What is 2605716 (base 8) in base 14?
14bb66
-668714 (base 12) to base 3
-10001221000221
-33841 (base 10) to base 14
-c493
956d2 (base 15) to base 4
1303232333
-55f3f (base 16) to base 3
-122212221101
-20000010011201 (base 3) to base 2
-1100001011000010110000
What is 1297122 (base 10) in base 12?
526796
Convert 185ef4 (base 16) to base 13.
43bc95
100000010010010100 (base 2) to base 5
13212434
Convert -3133352 (base 6) to base 13.
-544b8
12c037 (base 13) to base 8
1570251
3761631 (base 11) to base 4
120322232021
Convert -131332104 (base 5) to base 12.
-2754a2
3102130300 (base 4) to base 16
d2730
What is -7010466 (base 8) in base 10?
-1839414
Convert -1405665 (base 8) to base 5.
-100134323
What is 8b5459 (base 13) in base 7?
40006026
cebc (base 16) to base 13
1b121
-3db4a (base 14) to base 8
-453066
-1321330402 (base 5) to base 4
-30213223003
-1e9d4 (base 15) to base 4
-120130003
What is 38599 (base 12) in base 2?
10010110001000101
-194ab8 (base 13) to base 14
-128c0b
83e8 (base 16) to base 8
101750
Convert 2635172 (base 8) to base 3.
1101101102022
Convert 1236717 (base 12) to base 15.
4a4001
Convert -307448 (base 13) to base 9.
-2112048
123543442 (base 7) to base 8
35767020
133212003 (base 4) to base 10
129411
What is 30909 (base 13) in base 15?
1ac93
Convert 16885 (base 16) to base 13.
33016
Convert 7ed0a (base 16) to base 11.
325293
131ab0a (base 13) to base 14
b200da
What is 66a18 (base 16) in base 9?
710574
What is 201020111212 (base 3) in base 14?
9c03b
445699 (base 10) to base 9
748341
Convert 1434183 (base 12) to base 4.
33130323303
-1000131301 (base 4) to base 9
-442177
-2105405 (base 6) to base 8
-307655
Convert 20221112010 (base 3) to base 16.
21600
What is -87156 (base 15) in base 13?
-120309
What is -4c101 (base 13) in base 5?
-14001103
What is -51b80 (base 15) in base 7?
-2126244
-979115 (base 13) to base 5
-1402432044
Convert -6ac2 (base 16) to base 5.
-1333310
What is -221137 (base 11) in base 5?
-42243001
-636182 (base 13) to base 5
-1043430043
-241003114 (base 5) to base 12
-4562a0
Convert 2210313031 (base 4) to base 14.
138141
What is -32513216 (base 7) in base 16?
-2aa01f
What is 1100212120110101 (base 3) in base 9?
40776411
33023818 (base 9) to base 5
13041143304
Convert -13316 (base 8) to base 16.
-16ce
Convert 55a79 (base 16) to base 10.
350841
4466020 (base 9) to base 14
468a10
What is -322231202 (base 5) in base 11?
-854613
Convert -4630671 (base 9) to base 12.
-a06b17
-20a52b (base 16) to base 12
-872123
Convert -10100110020211 (base 3) to base 5.
-423433102
-241723 (base 11) to base 8
-1353625
4103352 (base 6) to base 11
123714
Convert 12111010002 (base 3) to base 10.
107975
What is 3033112133 (base 4) in base 12?
34b5bb
455a27 (base 13) to base 6
55055433
What is -32355103 (base 6) in base 8?
-3532717
100512311 (base 6) to base 16
1a4013
What is 122a79 (base 12) in base 3?
120000001210
-21112011221001 (base 3) to base 10
-3999241
-131200100 (base 4) to base 15
-25c18
1000101111011001001 (base 2) to base 4
1011323021
What is -23343414 (base 6) in base 14?
-14da26
What is -17a749 (base 16) in base 5?
-344101103
What is 28293 (base 10) in base 14?
a44d
What is -59a74 (base 12) in base 14?
-3201a
31411432 (base 5) to base 14
6bd9d
Convert 1bed5 (base 15) to base 16.
163dc
What is -9fa6c (base 16) in base 5?
-131411212
Convert 728581 (base 10) to base 4.
2301320011
Convert -135263 (base 13) to base 10.
-468380
-11000001010111000111101 (base 2) to base 9
-12826387
Convert -2120618 (base 11) to base 3.
-21000201100201
Convert a5ca3 (base 15) to base 12.
214476
21343133 (base 5) to base 3
100100122001
-202554102 (base 6) to base 4
-31112030312
What is -1881a1 (base 13) in base 16?
-96cb9
-145200 (base 9) to base 4
-111300030
-11101424401 (base 5) to base 9
-24752047
What is 118645 (base 12) in base 10?
284309
Convert -2122212112202 (base 3) to base 2.
-101011001011000000010
What is -1130400 (base 5) in base 10?
-20725
Convert 13404343 (base 5) to base 10.
138098
11011101100012 (base 3) to base 11
1280a30
-2025233 (base 6) to base 7
-553011
What is -52b6221 (base 12) in base 16?
-ef0cb9
What is -1010101110010000 (base 2) in base 14?
-12012
What is 333103 (base 4) in base 5?
112201
Convert -1100333213 (base 4) to base 11.
-207282
Convert 4b863 (base 12) to base 11.
7057a
-42400111 (base 5) to base 14
-93ba9
Convert 227652 (base 12) to base 15.
ad908
24375 (base 15) to base 6
2250515
What is 2200207 (base 9) in base 12?
48b651
What is 4e6a6 (base 16) in base 6?
10514554
Convert -207218a (base 11) to base 15.
-4c107a
-3133240114 (base 5) to base 15
-892bc4
Convert -1179bb6 (base 13) to base 9.
-11170521
562601 (base 7) to base 16
1845e
What is 212667 (base 16) in base 9?
4071120
Convert 11c1b (base 16) to base 11.
4a70a
What is -111020010222 (base 3) in base 7?
-2133032
What is -131022102 (base 4) in base 16?
-1d292
-70325 (base 9) to base 8
-132161
Convert -121262 (base 9) to base 10.
-73118
What is 50354514 (base 6) in base 14?
293498
Convert 1075648 (base 11) to base 4.
13023112021
Convert -3321100340 (base 5) to base 7.
-115152516
What is -3331132140 (base 5) in base 10?
-7286545
What is -3b103 (base 14) in base 8?
-434337
What is 958323 (base 13) in base 4?
31113013122
Convert 23a162 (base 14) to base 12.
4a9276
10555366 (base 7) to base 4
3200332111
What is 963889 (base 10) in base 4?
3223110301
Convert -1000454 (base 7) to base 14.
-30d64
What is 3fa98 (base 16) in base 15?
523e0
Convert 132111 (base 8) to base 2.
1011010001001001
Convert 14ab83c (base 13) to base 10.
6623161
Convert 1010111110001100000 (base 2) to base 13.
c7845
What is -2bb09b7 (base 12) in base 3?
-121211010112011
Convert -55522 (base 12) to base 5.
-12104231
Convert -301500102 (base 6) to base 15.
-6b3532
-250882 (base 9) to base 11
-a3a11
Convert -2dba7c (base 15) to base 14.
-4199dd
Convert -317805 (base 9) to base 16.
-2e418
-17844209 (base 10) to base 3
-1020120120122122
What is -20313322022 (base 4) in base 5?
-1043414104
What is -12100202010020 (base 3) in base 9?
-5322106
Convert -101111111010000 (base 2) to base 4.
-11333100
What is -121200311 (base 4) in base 13?
-38747
What is -66c44 (base 14) in base 6?
-5202300
Convert 423440302 (base 5) to base 11.
1006960
5667938 (base 11) to base 2
100101110110011101100100
-445145330 (base 6) to base 15
-a9ab39
Convert 22021112022012 (base 3) to base 16.
432278
-3060116 (base 7) to base 3
-200122222222
What is 11221022210001 (base 3) in base 2?
1010000000101011101111
Convert 1011101000110110 (base 2) to base 5.
3011140
-201220212200 (base 3) to base 8
-1375660
Convert 2b281b (base 12) to base 16.
b2517
1220010202102 (base 3) to base 16
f5beb
319cb (base 13) to base 5
10331233
-82549 (base 14